01-20 11:46:01.621: I/ActivityManager(184): START {act=android.intent.action.MAIN cat=[android.intent.category.LAUNCHER] flg=0x10200000 cmp=com.appcelerator.media/.Module_mediaActivity} from pid 504
01-20 11:46:01.691: D/dalvikvm(184): GC_FOR_ALLOC freed 518K, 28% free 19847K/27527K, paused 61ms
01-20 11:46:01.699: I/dalvikvm-heap(184): Grow heap (frag case) to 20.921MB for 1536016-byte allocation
01-20 11:46:01.738: D/dalvikvm(184): GC_FOR_ALLOC freed 43K, 23% free 21304K/27527K, paused 42ms
01-20 11:46:01.762: I/ActivityManager(184): Start proc com.appcelerator.media for activity com.appcelerator.media/.Module_mediaActivity: pid=4508 uid=10069 gids={1015, 1006, 3003}
01-20 11:46:01.777: I/dalvikvm(4508): Turning on JNI app bug workarounds for target SDK version 8...
01-20 11:46:01.808: D/OpenGLRenderer(504): Flushing caches (mode 1)
01-20 11:46:01.808: I/TiApplication(4508): (main) [0,0] checkpoint, app created.
01-20 11:46:01.808: D/dalvikvm(184): GC_CONCURRENT freed 7K, 22% free 21531K/27527K, paused 2ms+5ms
01-20 11:46:01.840: I/TiApplication(4508): (main) [33,33] Titanium 1.9.0 (2012/01/19 13:46 11e6a0b)
01-20 11:46:01.847: D/dalvikvm(184): GC_FOR_ALLOC freed <1K, 22% free 21531K/27527K, paused 39ms
01-20 11:46:01.855: I/dalvikvm-heap(184): Grow heap (frag case) to 23.706MB for 2731536-byte allocation
01-20 11:46:01.887: D/dalvikvm(4508): GC_CONCURRENT freed 280K, 3% free 14185K/14599K, paused 2ms+1ms
01-20 11:46:01.926: D/dalvikvm(184): GC_FOR_ALLOC freed <1K, 13% free 24198K/27527K, paused 54ms
01-20 11:46:01.972: I/WindowManager(184): createSurface Window{41c089b0 Starting com.appcelerator.media paused=false}: DRAW NOW PENDING
01-20 11:46:02.019: I/TiApplication(4508): (main) [178,211] Titanium Javascript runtime: rhino
01-20 11:46:02.027: W/TiApplication(4508): (main) [11,222] activity stack is emtpy, unable to get current activity
01-20 11:46:02.027: I/TiRootActivity(4508): (main) [0,0] checkpoint, on root activity create, savedInstanceState: null
01-20 11:46:02.074: V/PhoneStatusBar(268): setLightsOn(true)
01-20 11:46:02.074: D/OpenGLRenderer(504): Flushing caches (mode 0)
01-20 11:46:02.137: D/dalvikvm(4508): GC_CONCURRENT freed 276K, 3% free 14415K/14791K, paused 2ms+4ms
01-20 11:46:02.144: W/TiApplication(4508): (main) [119,119] activity stack is emtpy, unable to get current activity
01-20 11:46:02.144: W/TiApplication(4508): (main) [0,119] activity stack is emtpy, unable to get current activity
01-20 11:46:02.152: W/TiApplication(4508): (main) [0,119] activity stack is emtpy, unable to get current activity
01-20 11:46:02.215: E/TiApplication(4508): (KrollRuntimeThread) [69,188] APP PROXY: ti.modules.titanium.app.AppModule@41803ba8
01-20 11:46:02.285: D/dalvikvm(4508): GC_CONCURRENT freed 241K, 3% free 14623K/14983K, paused 2ms+2ms
01-20 11:46:02.816: D/dalvikvm(4508): GC_CONCURRENT freed 295K, 3% free 14842K/15239K, paused 2ms+3ms
01-20 11:46:02.972: D/dalvikvm(4508): GC_CONCURRENT freed 385K, 4% free 14961K/15431K, paused 1ms+2ms
01-20 11:46:02.996: I/dalvikvm(4508): threadid=10: stack overflow on call to Lorg/mozilla/javascript/TokenStream;.stringToKeyword:IL
01-20 11:46:02.996: I/dalvikvm(4508): method requires 280+20+8=308 bytes, fp is 0x5740c3e0 (224 left)
01-20 11:46:02.996: I/dalvikvm(4508): expanding stack end (0x5740c300 to 0x5740c000)
01-20 11:46:02.996: I/dalvikvm(4508): Shrank stack (to 0x5740c300, curFrame is 0x5740c954)
01-20 11:46:03.074: E/TiJSError(4508): (main) [859,1047] ----- Titanium Javascript Runtime Error -----
01-20 11:46:03.074: E/TiJSError(4508): (main) [1,1048] - In app://acceptance.js:293,0
01-20 11:46:03.074: E/TiJSError(4508): (main) [0,1048] - Message: Too deep recursion while parsing
01-20 11:46:03.074: E/TiJSError(4508): (main) [0,1048] - Source: null
01-20 11:46:03.129: D/dalvikvm(4508): GC_FOR_ALLOC freed 225K, 4% free 15024K/15495K, paused 20ms
01-20 11:46:03.129: I/dalvikvm-heap(4508): Grow heap (frag case) to 15.007MB for 279056-byte allocation
01-20 11:46:03.144: D/dalvikvm(4508): GC_FOR_ALLOC freed <1K, 4% free 15296K/15815K, paused 14ms
01-20 11:46:03.160: E/ScriptsModule(4508): Error while executing app://acceptance.js: Too deep recursion while parsing (app://acceptance.js#293)
01-20 11:46:03.160: E/ScriptsModule(4508): org.mozilla.javascript.EvaluatorException: Too deep recursion while parsing (app://acceptance.js#293)
01-20 11:46:03.160: E/ScriptsModule(4508): at org.appcelerator.kroll.runtime.rhino.RhinoRuntime.runtimeError(RhinoRuntime.java:170)
01-20 11:46:03.160: E/ScriptsModule(4508): at org.mozilla.javascript.Context.reportRuntimeError(Context.java:945)
01-20 11:46:03.160: E/ScriptsModule(4508): at org.mozilla.javascript.Parser.parse(Parser.java:587)
01-20 11:46:03.160: E/ScriptsModule(4508): at org.mozilla.javascript.Parser.parse(Parser.java:506)
01-20 11:46:03.160: E/ScriptsModule(4508): at org.mozilla.javascript.Context.compileImpl(Context.java:2401)
01-20 11:46:03.160: E/ScriptsModule(4508): at org.mozilla.javascript.Context.compileString(Context.java:1367)
01-20 11:46:03.160: E/ScriptsModule(4508): at org.mozilla.javascript.Context.compileString(Context.java:1356)
01-20 11:46:03.160: E/ScriptsModule(4508): at org.mozilla.javascript.Context.evaluateString(Context.java:1108)
01-20 11:46:03.160: E/ScriptsModule(4508): at org.appcelerator.kroll.runtime.rhino.modules.ScriptsModule.runSource(ScriptsModule.java:72)
01-20 11:46:03.160: E/ScriptsModule(4508): at org.appcelerator.kroll.runtime.rhino.modules.ScriptsModule.runInSandbox(ScriptsModule.java:100)
01-20 11:46:03.160: E/ScriptsModule(4508): at org.appcelerator.kroll.runtime.rhino.modules.ScriptsModule.access$400(ScriptsModule.java:28)
01-20 11:46:03.160: E/ScriptsModule(4508): at org.appcelerator.kroll.runtime.rhino.modules.ScriptsModule$RunInSandbox.call(ScriptsModule.java:157)
01-20 11:46:03.160: E/ScriptsModule(4508): at org.mozilla.javascript.optimizer.OptRuntime.callN(OptRuntime.java:86)
01-20 11:46:03.160: E/ScriptsModule(4508): at org.appcelerator.kroll.runtime.rhino.js.rhino._c_include_2(/tmp/rhino.js:23)
01-20 11:46:03.160: E/ScriptsModule(4508): at org.appcelerator.kroll.runtime.rhino.js.rhino.call(/tmp/rhino.js)
01-20 11:46:03.160: E/ScriptsModule(4508): at org.mozilla.javascript.optimizer.OptRuntime.callN(OptRuntime.java:86)
01-20 11:46:03.160: E/ScriptsModule(4508): at org.appcelerator.kroll.runtime.rhino.js.titanium._c_TiInclude_10(/tmp/titanium.js:206)
01-20 11:46:03.160: E/ScriptsModule(4508): at org.appcelerator.kroll.runtime.rhino.js.titanium.call(/tmp/titanium.js)
01-20 11:46:03.160: E/ScriptsModule(4508): at org.mozilla.javascript.optimizer.OptRuntime.callName(OptRuntime.java:97)
01-20 11:46:03.160: E/ScriptsModule(4508): at org.appcelerator.kroll.runtime.rhino.js.titanium._c_anonymous_3(/tmp/titanium.js:72)
01-20 11:46:03.160: E/ScriptsModule(4508): at org.appcelerator.kroll.runtime.rhino.js.titanium.call(/tmp/titanium.js)
01-20 11:46:03.160: E/ScriptsModule(4508): at org.mozilla.javascript.Interpreter.interpretLoop(Interpreter.java:1701)
01-20 11:46:03.160: E/ScriptsModule(4508): at script(app.js:9)
01-20 11:46:03.160: E/ScriptsModule(4508): at org.mozilla.javascript.Interpreter.interpret(Interpreter.java:854)
01-20 11:46:03.160: E/ScriptsModule(4508): at org.mozilla.javascript.InterpretedFunction.exec(InterpretedFunction.java:178)
01-20 11:46:03.160: E/ScriptsModule(4508): at org.mozilla.javascript.Context.evaluateString(Context.java:1111)
01-20 11:46:03.160: E/ScriptsModule(4508): at org.appcelerator.kroll.runtime.rhino.modules.ScriptsModule.runSource(ScriptsModule.java:72)
01-20 11:46:03.160: E/ScriptsModule(4508): at org.appcelerator.kroll.runtime.rhino.modules.ScriptsModule.access$300(ScriptsModule.java:28)
01-20 11:46:03.160: E/ScriptsModule(4508): at org.appcelerator.kroll.runtime.rhino.modules.ScriptsModule$RunInThisContext.call(ScriptsModule.java:137)
01-20 11:46:03.160: E/ScriptsModule(4508): at org.mozilla.javascript.optimizer.OptRuntime.callName(OptRuntime.java:97)
01-20 11:46:03.160: E/ScriptsModule(4508): at org.appcelerator.kroll.runtime.rhino.js.module._c_anonymous_13(/tmp/module.js:251)
01-20 11:46:03.160: E/ScriptsModule(4508): at org.appcelerator.kroll.runtime.rhino.js.module.call(/tmp/module.js)
01-20 11:46:03.160: E/ScriptsModule(4508): at org.mozilla.javascript.optimizer.OptRuntime.call2(OptRuntime.java:76)
01-20 11:46:03.160: E/ScriptsModule(4508): at org.appcelerator.kroll.runtime.rhino.js.module._c_anonymous_5(/tmp/module.js:96)
01-20 11:46:03.160: E/ScriptsModule(4508): at org.appcelerator.kroll.runtime.rhino.js.module.call(/tmp/module.js)
01-20 11:46:03.160: E/ScriptsModule(4508): at org.mozilla.javascript.optimizer.OptRuntime.call2(OptRuntime.java:76)
01-20 11:46:03.160: E/ScriptsModule(4508): at org.appcelerator.kroll.runtime.rhino.js.module._c_anonymous_3(/tmp/module.js:65)
01-20 11:46:03.160: E/ScriptsModule(4508): at org.appcelerator.kroll.runtime.rhino.js.module.call(/tmp/module.js)
01-20 11:46:03.160: E/ScriptsModule(4508): at org.mozilla.javascript.ContextFactory.doTopCall(ContextFactory.java:426)
01-20 11:46:03.160: E/ScriptsModule(4508): at org.mozilla.javascript.ScriptRuntime.doTopCall(ScriptRuntime.java:3177)
01-20 11:46:03.160: E/ScriptsModule(4508): at org.appcelerator.kroll.runtime.rhino.js.module.call(/tmp/module.js)
01-20 11:46:03.160: E/ScriptsModule(4508): at org.appcelerator.kroll.runtime.rhino.RhinoRuntime.doRunModule(RhinoRuntime.java:80)
01-20 11:46:03.160: E/ScriptsModule(4508): at org.appcelerator.kroll.KrollRuntime.handleMessage(KrollRuntime.java:207)
01-20 11:46:03.160: E/ScriptsModule(4508): at android.os.Handler.dispatchMessage(Handler.java:95)
01-20 11:46:03.160: E/ScriptsModule(4508): at android.os.Looper.loop(Looper.java:137)
01-20 11:46:03.160: E/ScriptsModule(4508): at org.appcelerator.kroll.KrollRuntime$KrollRuntimeThread.run(KrollRuntime.java:102)
01-20 11:46:03.160: E/ScriptsModule(4508): Error while executing app.js: Too deep recursion while parsing (app://acceptance.js#293)
01-20 11:46:03.160: E/ScriptsModule(4508): org.mozilla.javascript.EvaluatorException: Too deep recursion while parsing (app://acceptance.js#293)
01-20 11:46:03.160: E/ScriptsModule(4508): at org.appcelerator.kroll.runtime.rhino.RhinoRuntime.runtimeError(RhinoRuntime.java:170)
01-20 11:46:03.160: E/ScriptsModule(4508): at org.mozilla.javascript.Context.reportRuntimeError(Context.java:945)
01-20 11:46:03.160: E/ScriptsModule(4508): at org.mozilla.javascript.Parser.parse(Parser.java:587)
01-20 11:46:03.160: E/ScriptsModule(4508): at org.mozilla.javascript.Parser.parse(Parser.java:506)
01-20 11:46:03.160: E/ScriptsModule(4508): at org.mozilla.javascript.Context.compileImpl(Context.java:2401)
01-20 11:46:03.160: E/ScriptsModule(4508): at org.mozilla.javascript.Context.compileString(Context.java:1367)
01-20 11:46:03.160: E/ScriptsModule(4508): at org.mozilla.javascript.Context.compileString(Context.java:1356)
01-20 11:46:03.160: E/ScriptsModule(4508): at org.mozilla.javascript.Context.evaluateString(Context.java:1108)
01-20 11:46:03.160: E/ScriptsModule(4508): at org.appcelerator.kroll.runtime.rhino.modules.ScriptsModule.runSource(ScriptsModule.java:72)
01-20 11:46:03.160: E/ScriptsModule(4508): at org.appcelerator.kroll.runtime.rhino.modules.ScriptsModule.runInSandbox(ScriptsModule.java:100)
01-20 11:46:03.160: E/ScriptsModule(4508): at org.appcelerator.kroll.runtime.rhino.modules.ScriptsModule.access$400(ScriptsModule.java:28)
01-20 11:46:03.160: E/ScriptsModule(4508): at org.appcelerator.kroll.runtime.rhino.modules.ScriptsModule$RunInSandbox.call(ScriptsModule.java:157)
01-20 11:46:03.160: E/ScriptsModule(4508): at org.mozilla.javascript.optimizer.OptRuntime.callN(OptRuntime.java:86)
01-20 11:46:03.160: E/ScriptsModule(4508): at org.appcelerator.kroll.runtime.rhino.js.rhino._c_include_2(/tmp/rhino.js:23)
01-20 11:46:03.160: E/ScriptsModule(4508): at org.appcelerator.kroll.runtime.rhino.js.rhino.call(/tmp/rhino.js)
01-20 11:46:03.160: E/ScriptsModule(4508): at org.mozilla.javascript.optimizer.OptRuntime.callN(OptRuntime.java:86)
01-20 11:46:03.160: E/ScriptsModule(4508): at org.appcelerator.kroll.runtime.rhino.js.titanium._c_TiInclude_10(/tmp/titanium.js:206)
01-20 11:46:03.160: E/ScriptsModule(4508): at org.appcelerator.kroll.runtime.rhino.js.titanium.call(/tmp/titanium.js)
01-20 11:46:03.160: E/ScriptsModule(4508): at org.mozilla.javascript.optimizer.OptRuntime.callName(OptRuntime.java:97)
01-20 11:46:03.160: E/ScriptsModule(4508): at org.appcelerator.kroll.runtime.rhino.js.titanium._c_anonymous_3(/tmp/titanium.js:72)
01-20 11:46:03.160: E/ScriptsModule(4508): at org.appcelerator.kroll.runtime.rhino.js.titanium.call(/tmp/titanium.js)
01-20 11:46:03.160: E/ScriptsModule(4508): at org.mozilla.javascript.Interpreter.interpretLoop(Interpreter.java:1701)
01-20 11:46:03.160: E/ScriptsModule(4508): at script(app.js:9)
01-20 11:46:03.160: E/ScriptsModule(4508): at org.mozilla.javascript.Interpreter.interpret(Interpreter.java:854)
01-20 11:46:03.160: E/ScriptsModule(4508): at org.mozilla.javascript.InterpretedFunction.exec(InterpretedFunction.java:178)
01-20 11:46:03.160: E/ScriptsModule(4508): at org.mozilla.javascript.Context.evaluateString(Context.java:1111)
01-20 11:46:03.160: E/ScriptsModule(4508): at org.appcelerator.kroll.runtime.rhino.modules.ScriptsModule.runSource(ScriptsModule.java:72)
01-20 11:46:03.160: E/ScriptsModule(4508): at org.appcelerator.kroll.runtime.rhino.modules.ScriptsModule.access$300(ScriptsModule.java:28)
01-20 11:46:03.160: E/ScriptsModule(4508): at org.appcelerator.kroll.runtime.rhino.modules.ScriptsModule$RunInThisContext.call(ScriptsModule.java:137)
01-20 11:46:03.160: E/ScriptsModule(4508): at org.mozilla.javascript.optimizer.OptRuntime.callName(OptRuntime.java:97)
01-20 11:46:03.160: E/ScriptsModule(4508): at org.appcelerator.kroll.runtime.rhino.js.module._c_anonymous_13(/tmp/module.js:251)
01-20 11:46:03.160: E/ScriptsModule(4508): at org.appcelerator.kroll.runtime.rhino.js.module.call(/tmp/module.js)
01-20 11:46:03.160: E/ScriptsModule(4508): at org.mozilla.javascript.optimizer.OptRuntime.call2(OptRuntime.java:76)
01-20 11:46:03.160: E/ScriptsModule(4508): at org.appcelerator.kroll.runtime.rhino.js.module._c_anonymous_5(/tmp/module.js:96)
01-20 11:46:03.160: E/ScriptsModule(4508): at org.appcelerator.kroll.runtime.rhino.js.module.call(/tmp/module.js)
01-20 11:46:03.160: E/ScriptsModule(4508): at org.mozilla.javascript.optimizer.OptRuntime.call2(OptRuntime.java:76)
01-20 11:46:03.160: E/ScriptsModule(4508): at org.appcelerator.kroll.runtime.rhino.js.module._c_anonymous_3(/tmp/module.js:65)
01-20 11:46:03.160: E/ScriptsModule(4508): at org.appcelerator.kroll.runtime.rhino.js.module.call(/tmp/module.js)
01-20 11:46:03.160: E/ScriptsModule(4508): at org.mozilla.javascript.ContextFactory.doTopCall(ContextFactory.java:426)
01-20 11:46:03.160: E/ScriptsModule(4508): at org.mozilla.javascript.ScriptRuntime.doTopCall(ScriptRuntime.java:3177)
01-20 11:46:03.160: E/ScriptsModule(4508): at org.appcelerator.kroll.runtime.rhino.js.module.call(/tmp/module.js)
01-20 11:46:03.160: E/ScriptsModule(4508): at org.appcelerator.kroll.runtime.rhino.RhinoRuntime.doRunModule(RhinoRuntime.java:80)
01-20 11:46:03.160: E/ScriptsModule(4508): at org.appcelerator.kroll.KrollRuntime.handleMessage(KrollRuntime.java:207)
01-20 11:46:03.160: E/ScriptsModule(4508): at android.os.Handler.dispatchMessage(Handler.java:95)
01-20 11:46:03.160: E/ScriptsModule(4508): at android.os.Looper.loop(Looper.java:137)
01-20 11:46:03.160: E/ScriptsModule(4508): at org.appcelerator.kroll.KrollRuntime$KrollRuntimeThread.run(KrollRuntime.java:102)
01-20 11:46:03.207: E/TiJSError(4508): (main) [127,1175] ----- Titanium Javascript Runtime Error -----
01-20 11:46:03.207: E/TiJSError(4508): (main) [0,1175] - In app://acceptance.js:293,0
01-20 11:46:03.207: E/TiJSError(4508): (main) [1,1176] - Message: Too deep recursion while parsing (app://acceptance.js#293)
01-20 11:46:03.207: E/TiJSError(4508): (main) [0,1176] - Source: null
01-20 11:46:03.254: D/dalvikvm(4508): GC_FOR_ALLOC freed 279K, 4% free 15301K/15815K, paused 25ms
01-20 11:46:03.254: I/dalvikvm-heap(4508): Grow heap (frag case) to 16.476MB for 1536016-byte allocation
01-20 11:46:03.301: D/dalvikvm(4508): GC_CONCURRENT freed <1K, 4% free 16800K/17351K, paused 2ms+3ms
01-20 11:46:03.340: D/dalvikvm(4508): GC_FOR_ALLOC freed 0K, 4% free 16801K/17351K, paused 15ms
01-20 11:46:03.340: I/dalvikvm-heap(4508): Grow heap (frag case) to 19.082MB for 2731536-byte allocation
01-20 11:46:03.379: D/dalvikvm(4508): GC_CONCURRENT freed 0K, 3% free 19468K/20039K, paused 1ms+2ms
01-20 11:46:03.449: I/TiRootActivity(4508): (main) [0,0] checkpoint, on root activity resume. activity = com.appcelerator.media.Module_mediaActivity@41845a78
01-20 11:46:03.465: I/WindowManager(184): createSurface Window{41ca3a40 com.appcelerator.media/com.appcelerator.media.Module_mediaActivity paused=false}: DRAW NOW PENDING
01-20 11:46:03.472: I/WindowManager(184): createSurface Window{41cb3fb8 com.appcelerator.media/com.appcelerator.media.Module_mediaActivity paused=false}: DRAW NOW PENDING
01-20 11:46:03.551: W/TextLayoutCache(4508): computeValuesWithHarfbuzz -- need to force to single run
01-20 11:46:03.683: I/ActivityManager(184): Displayed com.appcelerator.media/.Module_mediaActivity: +1s939ms
01-20 11:46:03.691: V/PhoneStatusBar(268): setLightsOn(true)
01-20 11:46:06.465: I/Process(4508): Sending signal. PID: 4508 SIG: 9
01-20 11:46:06.488: I/WindowManager(184): WIN DEATH: Window{41ca3a40 com.appcelerator.media/com.appcelerator.media.Module_mediaActivity paused=false}
01-20 11:46:06.488: I/ActivityManager(184): Process com.appcelerator.media (pid 4508) has died.
01-20 11:46:06.488: W/ActivityManager(184): Force removing ActivityRecord{41aff010 com.appcelerator.media/.Module_mediaActivity}: app died, no saved state
01-20 11:46:06.496: V/PhoneStatusBar(268): setLightsOn(true)
01-20 11:46:06.496: W/InputDispatcher(184): channel '41cb3fb8 com.appcelerator.media/com.appcelerator.media.Module_mediaActivity (server)' ~ Consumer closed input channel or an error occurred. events=0x8
01-20 11:46:06.496: E/InputDispatcher(184): channel '41cb3fb8 com.appcelerator.media/com.appcelerator.media.Module_mediaActivity (server)' ~ Channel is unrecoverably broken and will be disposed!
01-20 11:46:06.496: W/InputDispatcher(184): Attempted to unregister already unregistered input channel '41cb3fb8 com.appcelerator.media/com.appcelerator.media.Module_mediaActivity (server)'
01-20 11:46:06.496: I/WindowManager(184): WIN DEATH: Window{41cb3fb8 com.appcelerator.media/com.appcelerator.media.Module_mediaActivity paused=false}
01-20 11:46:06.504: I/WindowManager(184): WINDOW DIED Window{41cb3fb8 com.appcelerator.media/com.appcelerator.media.Module_mediaActivity paused=false}
01-20 11:46:06.512: I/WindowManager(184): createSurface Window{41c181d8 com.android.launcher/com.android.launcher2.Launcher paused=false}: DRAW NOW PENDING
01-20 11:46:06.816: W/InputManagerService(184): Window already focused, ignoring focus gain of: com.android.internal.view.IInputMethodClient$Stub$Proxy@418e27d0